{"id":1602,"date":"2022-02-25T10:12:26","date_gmt":"2022-02-25T09:12:26","guid":{"rendered":"http:\/\/gourmet-asie-saintes.fr\/?page_id=1602"},"modified":"2022-02-25T10:12:27","modified_gmt":"2022-02-25T09:12:27","slug":"politique-de-confidentialite-2","status":"publish","type":"page","link":"https:\/\/gourmet-asie-saintes.fr\/index.php\/politique-de-confidentialite-2\/","title":{"rendered":"Politique de confidentialit\u00e9"},"content":{"rendered":"\n<p>Je suis conforme &nbsp;au RGPD, voici les &nbsp;r\u00e8gles de confidentialit\u00e9 &nbsp;:<\/p>\n\n\n\n<p>Ces r\u00e8gles de confidentialit\u00e9 d\u00e9crivent la fa\u00e7on dont je recueille, utilise et partage des informations, ainsi qu\u2019\u00e0 quelles occasions, lorsque vous passez commande chez moi .<\/p>\n\n\n\n<p><strong>Les informations que je collecte<\/strong><\/p>\n\n\n\n<p>Pour traiter votre commande, vous devez me fournir certaines informations, &nbsp;notamment vos nom, email, adresse postale, coordonn\u00e9es de paiement, ainsi que le descriptif du produit que vous commandez. Vous pouvez \u00e9galement d\u00e9cider de me communiquer certaines informations personnelles compl\u00e9mentaires (pour une commande &nbsp;personnalis\u00e9s par exemple), en me contactant directement.<\/p>\n\n\n\n<p><strong>Pourquoi j\u2019ai besoin de vos informations et comment je les utilise<\/strong><\/p>\n\n\n\n<p>Je m\u2019appuie sur un certain nombre de bases l\u00e9gales pour recueillir, utiliser et partager vos informations, et notamment&nbsp;:<\/p>\n\n\n\n<ul class=\"wp-block-list\"><li>pour vous fournir mes services, par exemple lorsque j\u2019utilise vos informations pour traiter votre commande, r\u00e9soudre un litige ou assurer le service client&nbsp;;<\/li><li>lorsque vous m\u2019avez donn\u00e9 votre consentement explicite, que vous pouvez r\u00e9voquer \u00e0 tout moment, par exemple en vous inscrivant \u00e0 ma newsletter&nbsp;;<\/li><li>si n\u00e9cessaire, pour r\u00e9pondre \u00e0 une obligation l\u00e9gale, un arr\u00eat juridique ou en lien avec une demande de la justice comme par exemple le fait de conserver des informations concernant vos achats dans le cadre de la l\u00e9gislation fiscale&nbsp;.<\/li><li>si n\u00e9cessaire, pour servir mes int\u00e9r\u00eats l\u00e9gitimes, dans le cas o\u00f9 ces int\u00e9r\u00eats l\u00e9gitimes ne sont pas invalid\u00e9s par vos droits ou vos int\u00e9r\u00eats, tels que 1) fournir et am\u00e9liorer mes services. J\u2019utilise vos informations pour fournir les services que vous m\u2019avez demand\u00e9s et dans mon int\u00e9r\u00eat l\u00e9gitime \u00e0 am\u00e9liorer ces services.<\/li><\/ul>\n\n\n\n<p><strong>Le partage et la diffusion d\u2019informations<\/strong><\/p>\n\n\n\n<p>Les informations concernant mes clients sont importantes pour mon activit\u00e9. Je ne partage vos informations personnelles que pour un nombre tr\u00e8s limit\u00e9 de raisons, ainsi que dans un nombre limit\u00e9 de circonstances telles que&nbsp;:<\/p>\n\n\n\n<ul class=\"wp-block-list\"><li>Des fournisseurs de services. J\u2019ai recours \u00e0 certaines tierces parties en lesquelles j\u2019ai confiance pour ex\u00e9cuter certaines actions ou fournir certains services destin\u00e9s \u00e0 ma boutique&nbsp;\u2013 des entreprises de transport par exemple. Je peux avoir \u00e0 partager vos informations personnelles avec ces tierces parties, mais uniquement celles qui sont indispensables \u00e0 la r\u00e9alisation de ces services.<\/li><li>Les transferts d\u2019activit\u00e9. Si je vends mon entreprise ou la fusionne avec une autre, je peux avoir \u00e0 communiquer vos informations dans le cadre de cette transaction mais uniquement dans la mesure autoris\u00e9e par la loi.<\/li><li>Le respect de la l\u00e9gislation. Je peux avoir \u00e0 recueillir, utiliser, conserver et partager vos informations si je pense en toute bonne foi que cela est n\u00e9cessaire et raisonnable pour&nbsp;: (a) r\u00e9pondre \u00e0 un processus juridique ou une demande de l\u2019\u00e9tat&nbsp;; (b) faire appliquer mes accords, mes conditions ou mes r\u00e8glements&nbsp;; (c) emp\u00eacher, enqu\u00eater sur ou g\u00e9rer toute fraude ou autre activit\u00e9 ill\u00e9gale, ou tout probl\u00e8me technique ou de s\u00e9curit\u00e9&nbsp;; ou (d) prot\u00e9ger les droits, la propri\u00e9t\u00e9 et la s\u00e9curit\u00e9 de mes clients ou d\u2019autres personnes.<\/li><\/ul>\n\n\n\n<p><strong>Conservation des donn\u00e9es<\/strong><\/p>\n\n\n\n<p>Je conserve vos informations uniquement aussi longtemps que n\u00e9cessaire pour vous fournir mes services et aux fins \u00e9tablies dans mes r\u00e8gles de confidentialit\u00e9. Je peux \u00e9galement avoir \u00e0 conserver ces informations pour me conformer \u00e0 des obligations l\u00e9gislatives et juridiques, r\u00e9soudre des litiges et faire appliquer mes engagements. Je les conserve g\u00e9n\u00e9ralement pour une dur\u00e9e de&nbsp;: 4 ans.<\/p>\n\n\n\n<p><strong>Vos droits<\/strong><\/p>\n\n\n\n<p>Si vous \u00eates r\u00e9sident de certains territoires, et notamment de l\u2019Union Europ\u00e9enne, vous disposez de certains droits relatifs \u00e0 vos informations personnelles. Certains de ces droits s\u2019appliquent de fa\u00e7on g\u00e9n\u00e9rale, et d\u2019autres uniquement dans des cas limit\u00e9s. Ces droits sont d\u00e9crits ci-dessous&nbsp;:<\/p>\n\n\n\n<ul class=\"wp-block-list\"><li>Acc\u00e9der. Vous pouvez avoir le droit d\u2019acc\u00e9der aux informations personnelles que je d\u00e9tiens vous concernant et d\u2019en recevoir une copie en me contactant. Vous trouverez mes coordonn\u00e9es plus bas.<\/li><li>Modifier, restreindre, supprimer. Vous pouvez \u00e9galement avoir le droit de modifier vos informations personnelles, de restreindre mon utilisation de celles-ci ou de les supprimer. En dehors de circonstances exceptionnelles (si je devais par exemple conserver les donn\u00e9es li\u00e9es \u00e0 ma boutique pour des raisons l\u00e9gales), je supprimerai g\u00e9n\u00e9ralement vos informations personnelles sur simple demande.<\/li><li>S\u2019opposer. Vous pouvez vous opposer 1) \u00e0 ce que je traite certaines de vos informations dans le cadre de mes int\u00e9r\u00eats l\u00e9gitimes et 2) \u00e0 la r\u00e9ception de messages marketing de ma part apr\u00e8s avoir explicitement consenti \u00e0 les recevoir. Dans ces cas pr\u00e9cis, je supprimerai vos informations personnelles \u00e0 moins de disposer de motifs l\u00e9gitimes pour poursuivre l\u2019utilisation de celles-ci, ou dans les cas o\u00f9 elles sont n\u00e9cessaires pour des raisons l\u00e9gales.<\/li><li>Se plaindre. Si vous r\u00e9sidez dans l\u2019Union europ\u00e9enne et que vous souhaitez manifester une inqui\u00e9tude quant \u00e0 mon utilisation de vos informations (et sans porter atteinte aux autres droits dont vous pouvez b\u00e9n\u00e9ficier), vous pouvez le faire aupr\u00e8s de vos autorit\u00e9s locales de protection des donn\u00e9es.<\/li><\/ul>\n\n\n\n<p><strong>Comment me contacter<\/strong><\/p>\n\n\n\n<p>Dans le cadre de la loi europ\u00e9enne sur la protection des donn\u00e9es, je soussign\u00e9, NOM PRENOM, suis le contr\u00f4leur de donn\u00e9es en ce qui concerne vos informations personnelles. Pour toute question ou pr\u00e9occupation, vous pouvez me contacter sur mon EMAIL. Vous pouvez \u00e9galement m\u2019envoyer un courrier postal \u00e0 l\u2019adresse&nbsp;:<\/p>\n\n\n\n<p>NOM PRENOM ADRESSE<\/p>\n\n\n\n<h2 class=\"wp-block-heading\">Avis Important Concernant Le Traitement Des Donn\u00e9es En Connexion Avec Google Analytics<\/h2>\n\n\n\n<p>Ce site utilise Google Analytics, un service d\u2019analyse web fournit par Google Ireland Limited. Si l\u2019organe responsable pour le traitement des donn\u00e9es r\u00e9colt\u00e9es via ce site est bas\u00e9 hors de l\u2019Espace \u00e9conomique europ\u00e9en et la Suisse, alors le traitement des donn\u00e9es associ\u00e9es \u00e0 Google Analytics sera effectu\u00e9 par Google LLC (avec son si\u00e8ge aux Etats-Unis). Google Ireland Limited et Google LLC sont ensemble ci-apr\u00e8s d\u00e9nomm\u00e9s \u201cGoogle\u201d.<br><br>Google Analytics utilise des \u201ccookies\u201d, des fichiers textes sauv\u00e9s sur l\u2019ordinateur du visiteur du site, pour permettre l\u2019analyse de l\u2019utilisation du site par ce dernier. L\u2019information g\u00e9n\u00e9r\u00e9e par le cookie (incluant l\u2019adresse IP tronqu\u00e9e) sur l\u2019utilisation du site web est transmise \u00e0 et stock\u00e9e par Google.<br><br>Google Analytics est utilis\u00e9 exclusivement avec l\u2019extension \u201c_anonymizeIp ()\u201d sur ce site. L\u2019extension garantit une anonymisation de l\u2019adresse IP par troncature et exclu de ce fait une r\u00e9f\u00e9rence personnelle directe. Via cette extension, Google tronque l\u2019adresse IP du visiteur du site dans un \u00e9tat membre de l\u2019Union europ\u00e9enne ou dans un autre Etat parti \u00e0 l\u2019accord sur l\u2019Espace \u00e9conomique europ\u00e9en. Seulement dans des situations exceptionnelles l\u2019adresse IP enti\u00e8re du visiteur du site sera transmise au serveur de Google et tronqu\u00e9e aux Etats-Unis. L\u2019adresse IP, qui est fournie par le navigateur du visiteur du site utilisant Google Analytics ne sera pas recoup\u00e9e par Google avec d\u2019autres donn\u00e9es de Google.<br><br>Au nom de l\u2019op\u00e9rateur du site, Google utilisera l\u2019information collect\u00e9e pour \u00e9valuer l\u2019utilisation du site, compiler des rapports sur l\u2019activit\u00e9 du site et pour fournir d\u2019autres sites et d\u2019autres services internet \u00e0 l\u2019op\u00e9rateur du site (article \u00a76 1 f RGPD). L\u2019int\u00e9r\u00eat l\u00e9gitime dans le traitement des donn\u00e9es se trouve dans l\u2019optimisation de ce site, l\u2019analyse de l\u2019utilisation du site et l\u2019adaptation du contenu. L\u2019int\u00e9r\u00eat des utilisateurs est ad\u00e9quatement prot\u00e9g\u00e9 par la pseudonymisation de leurs donn\u00e9es.<br><br>Google LLC a certifi\u00e9 sa conformit\u00e9 avec le&nbsp;<a href=\"https:\/\/www.privacyshield.gov\/participant?id=a2zt000000001L5AAI\" target=\"_blank\" rel=\"noreferrer noopener\">Bouclier de protection des donn\u00e9es<\/a>&nbsp;UE-\u00c9tats-Unis, offrant une garantie du respect des l\u00e9gislations europ\u00e9ennes sur la protection des donn\u00e9es. Les donn\u00e9es envoy\u00e9es et coupl\u00e9es au cookie de Google Analytics e.g. ID de l\u2019utilisateur, ID publicitaire seront automatiquement effac\u00e9s apr\u00e8s 50 mois. La suppression des donn\u00e9es qui ont atteint la date limite de conservation est op\u00e9r\u00e9e automatiquement une fois par mois.<br><br>Le visiteur du site peut refuser l\u2019utilisation de cookies en s\u00e9lectionnant le r\u00e9glage appropri\u00e9 dans le navigateur. Le visiteur du site peut aussi emp\u00eacher Google de rassembler, via cookies, des informations (incluant l\u2019adresse IP) et de traiter cette information en t\u00e9l\u00e9chargeant et en installant ce plugin dans le browser:&nbsp;<a href=\"http:\/\/tools.google.com\/dlpage\/gaoptout\" target=\"_blank\" rel=\"noreferrer noopener\">http:\/\/tools.google.com\/dlpage\/gaoptout<\/a>.<br><br>Le visiteur du site peut emp\u00eacher la collecte des donn\u00e9es par Google Analytics en cliquant sur ce&nbsp;<a href=\"javascript: gaOptOut([&quot;UA-24207326-86&quot;, &quot;UA-76413638-1&quot;]);\">lien<\/a>. Un \u201ccookie d\u2019opt-out\u201d sera alors plac\u00e9 et permettra au visiteur du site de ne pas \u00eatre track\u00e9 durant sa navigation du site.<br><br>Plus d\u2019informations \u00e0 propos du traitement et l\u2019utilisation des donn\u00e9es par Google, les param\u00e9trages et les possibilit\u00e9s de d\u00e9sactivation peuvent \u00eatre trouv\u00e9es dans&nbsp;<a href=\"https:\/\/policies.google.com\/privacy\" target=\"_blank\" rel=\"noreferrer noopener\">la politique de confidentialit\u00e9 de Google<\/a>: ainsi que dans&nbsp;<a href=\"https:\/\/adssettings.google.com\/authenticated\" target=\"_blank\" rel=\"noreferrer noopener\">les param\u00e8tres de Google ads<\/a>.<\/p>\n\n\n\n<h2 class=\"wp-block-heading\">ReCAPTCHA<\/h2>\n\n\n\n<p>Nous utilisons le service reCAPTCHA de Google LLC (Google) pour prot\u00e9ger les entr\u00e9es des formulaires sur votre site. Ce service est utilis\u00e9 pour diff\u00e9rencier les entr\u00e9es faites par un \u00eatre humain des abus automatis\u00e9s. Cela implique l\u2019envoi de l\u2019adresse IP et \u00e9ventuellement d\u2019autres donn\u00e9es requises par Google pour le service reCAPTCHA. \u00c0 cette fin, vos donn\u00e9es seront communiqu\u00e9es \u00e0 Google et utilis\u00e9es par leurs services. Toutefois, votre adresse IP sera pr\u00e9alablement raccourcie par Google dans les \u00c9tats membres de l\u2019Union europ\u00e9enne \u2013 ou dans d\u2019autres \u00c9tats qui font partie de l\u2019accord sur l\u2019Espace \u00e9conomique europ\u00e9en \u2013 et sera ainsi anonyme. Dans certains cas exceptionnels, votre adresse IP compl\u00e8te sera transmise \u00e0 un serveur de Google aux \u00c9tats-Unis et raccourcie ensuite. Au nom de l\u2019exploitant de ce site web, Google utilisera ces informations pour \u00e9valuer votre utilisation de ce service. L\u2019adresse IP fournie par reCAPTCHA par votre navigateur ne sera pas fusionn\u00e9e avec d\u2019autres donn\u00e9es de Google. Cette collection des donn\u00e9es est sujette \u00e0 la Politique de confidentialit\u00e9 de Google. Pour plus d\u2019informations concernant la politique de confidentialit\u00e9 de Google, rendez-vous sur la page :&nbsp;<a href=\"https:\/\/policies.google.com\/privacy?hl=fr\" target=\"_blank\" rel=\"noreferrer noopener\">https:\/\/policies.google.com\/privacy?hl=fr<\/a><br>En utilisant le service reCAPTCHA, vous consentez au traitement des donn\u00e9es vous concernant par Google, de la mani\u00e8re et aux fins \u00e9nonc\u00e9es ci-dessus.<\/p>\n","protected":false},"excerpt":{"rendered":"<p>Je suis conforme &nbsp;au RGPD, voici les &nbsp;r\u00e8gles de confidentialit\u00e9 &nbsp;: Ces r\u00e8gles de confidentialit\u00e9 d\u00e9crivent la fa\u00e7on dont je recueille, utilise et partage des informations, ainsi qu\u2019\u00e0 quelles occasions, lorsque vous passez commande chez moi . Les informations que je collecte Pour traiter votre commande, vous devez me fournir certaines informations, &nbsp;notamment vos nom, &hellip;<\/p>\n<p class=\"read-more\"> <a class=\"\" href=\"https:\/\/gourmet-asie-saintes.fr\/index.php\/politique-de-confidentialite-2\/\"> <span class=\"screen-reader-text\">Politique de confidentialit\u00e9<\/span> Lire la suite\u00a0\u00bb<\/a><\/p>\n","protected":false},"author":1,"featured_media":0,"parent":0,"menu_order":0,"comment_status":"closed","ping_status":"closed","template":"","meta":{"site-sidebar-layout":"default","site-content-layout":"","ast-site-content-layout":"","site-content-style":"default","site-sidebar-style":"default","ast-global-header-display":"","ast-banner-title-visibility":"","ast-main-header-display":"","ast-hfb-above-header-display":"","ast-hfb-below-header-display":"","ast-hfb-mobile-header-display":"","site-post-title":"","ast-breadcrumbs-content":"","ast-featured-img":"","footer-sml-layout":"","theme-transparent-header-meta":"","adv-header-id-meta":"","stick-header-meta":"","header-above-stick-meta":"","header-main-stick-meta":"","header-below-stick-meta":"","astra-migrate-meta-layouts":"","footnotes":""},"class_list":["post-1602","page","type-page","status-publish","hentry"],"yoast_head":"<!-- This site is optimized with the Yoast SEO plugin v24.0 - https:\/\/yoast.com\/wordpress\/plugins\/seo\/ -->\n<title>Politique de confidentialit\u00e9 - Gourmet d&#039;Asie<\/title>\n<meta name=\"robots\" content=\"index, follow, max-snippet:-1, max-image-preview:large, max-video-preview:-1\" \/>\n<link rel=\"canonical\" href=\"https:\/\/gourmet-asie-saintes.fr\/index.php\/politique-de-confidentialite-2\/\" \/>\n<meta property=\"og:locale\" content=\"fr_FR\" \/>\n<meta property=\"og:type\" content=\"article\" \/>\n<meta property=\"og:title\" content=\"Politique de confidentialit\u00e9 - Gourmet d&#039;Asie\" \/>\n<meta property=\"og:description\" content=\"Je suis conforme &nbsp;au RGPD, voici les &nbsp;r\u00e8gles de confidentialit\u00e9 &nbsp;: Ces r\u00e8gles de confidentialit\u00e9 d\u00e9crivent la fa\u00e7on dont je recueille, utilise et partage des informations, ainsi qu\u2019\u00e0 quelles occasions, lorsque vous passez commande chez moi . Les informations que je collecte Pour traiter votre commande, vous devez me fournir certaines informations, &nbsp;notamment vos nom, &hellip; Politique de confidentialit\u00e9 Lire la suite\u00a0\u00bb\" \/>\n<meta property=\"og:url\" content=\"https:\/\/gourmet-asie-saintes.fr\/index.php\/politique-de-confidentialite-2\/\" \/>\n<meta property=\"og:site_name\" content=\"Gourmet d&#039;Asie\" \/>\n<meta property=\"article:modified_time\" content=\"2022-02-25T09:12:27+00:00\" \/>\n<meta name=\"twitter:card\" content=\"summary_large_image\" \/>\n<meta name=\"twitter:label1\" content=\"Dur\u00e9e de lecture estim\u00e9e\" \/>\n\t<meta name=\"twitter:data1\" content=\"8 minutes\" \/>\n<script type=\"application\/ld+json\" class=\"yoast-schema-graph\">{\"@context\":\"https:\/\/schema.org\",\"@graph\":[{\"@type\":\"WebPage\",\"@id\":\"https:\/\/gourmet-asie-saintes.fr\/index.php\/politique-de-confidentialite-2\/\",\"url\":\"https:\/\/gourmet-asie-saintes.fr\/index.php\/politique-de-confidentialite-2\/\",\"name\":\"Politique de confidentialit\u00e9 - Gourmet d&#039;Asie\",\"isPartOf\":{\"@id\":\"https:\/\/gourmet-asie-saintes.fr\/#website\"},\"datePublished\":\"2022-02-25T09:12:26+00:00\",\"dateModified\":\"2022-02-25T09:12:27+00:00\",\"breadcrumb\":{\"@id\":\"https:\/\/gourmet-asie-saintes.fr\/index.php\/politique-de-confidentialite-2\/#breadcrumb\"},\"inLanguage\":\"fr-FR\",\"potentialAction\":[{\"@type\":\"ReadAction\",\"target\":[\"https:\/\/gourmet-asie-saintes.fr\/index.php\/politique-de-confidentialite-2\/\"]}]},{\"@type\":\"BreadcrumbList\",\"@id\":\"https:\/\/gourmet-asie-saintes.fr\/index.php\/politique-de-confidentialite-2\/#breadcrumb\",\"itemListElement\":[{\"@type\":\"ListItem\",\"position\":1,\"name\":\"Accueil\",\"item\":\"https:\/\/gourmet-asie-saintes.fr\/\"},{\"@type\":\"ListItem\",\"position\":2,\"name\":\"Politique de confidentialit\u00e9\"}]},{\"@type\":\"WebSite\",\"@id\":\"https:\/\/gourmet-asie-saintes.fr\/#website\",\"url\":\"https:\/\/gourmet-asie-saintes.fr\/\",\"name\":\"Gourmet d&#039;Asie\",\"description\":\"Restaurant Asiatique Saintes\",\"publisher\":{\"@id\":\"https:\/\/gourmet-asie-saintes.fr\/#organization\"},\"potentialAction\":[{\"@type\":\"SearchAction\",\"target\":{\"@type\":\"EntryPoint\",\"urlTemplate\":\"https:\/\/gourmet-asie-saintes.fr\/?s={search_term_string}\"},\"query-input\":{\"@type\":\"PropertyValueSpecification\",\"valueRequired\":true,\"valueName\":\"search_term_string\"}}],\"inLanguage\":\"fr-FR\"},{\"@type\":\"Organization\",\"@id\":\"https:\/\/gourmet-asie-saintes.fr\/#organization\",\"name\":\"Gourmet d&#039;Asie\",\"url\":\"https:\/\/gourmet-asie-saintes.fr\/\",\"logo\":{\"@type\":\"ImageObject\",\"inLanguage\":\"fr-FR\",\"@id\":\"https:\/\/gourmet-asie-saintes.fr\/#\/schema\/logo\/image\/\",\"url\":\"https:\/\/gourmet-asie-saintes.fr\/wp-content\/uploads\/2022\/01\/cropped-494d6f6b379d.png\",\"contentUrl\":\"https:\/\/gourmet-asie-saintes.fr\/wp-content\/uploads\/2022\/01\/cropped-494d6f6b379d.png\",\"width\":1200,\"height\":247,\"caption\":\"Gourmet d&#039;Asie\"},\"image\":{\"@id\":\"https:\/\/gourmet-asie-saintes.fr\/#\/schema\/logo\/image\/\"}}]}<\/script>\n<!-- \/ Yoast SEO plugin. -->","yoast_head_json":{"title":"Politique de confidentialit\u00e9 - Gourmet d&#039;Asie","robots":{"index":"index","follow":"follow","max-snippet":"max-snippet:-1","max-image-preview":"max-image-preview:large","max-video-preview":"max-video-preview:-1"},"canonical":"https:\/\/gourmet-asie-saintes.fr\/index.php\/politique-de-confidentialite-2\/","og_locale":"fr_FR","og_type":"article","og_title":"Politique de confidentialit\u00e9 - Gourmet d&#039;Asie","og_description":"Je suis conforme &nbsp;au RGPD, voici les &nbsp;r\u00e8gles de confidentialit\u00e9 &nbsp;: Ces r\u00e8gles de confidentialit\u00e9 d\u00e9crivent la fa\u00e7on dont je recueille, utilise et partage des informations, ainsi qu\u2019\u00e0 quelles occasions, lorsque vous passez commande chez moi . Les informations que je collecte Pour traiter votre commande, vous devez me fournir certaines informations, &nbsp;notamment vos nom, &hellip; Politique de confidentialit\u00e9 Lire la suite\u00a0\u00bb","og_url":"https:\/\/gourmet-asie-saintes.fr\/index.php\/politique-de-confidentialite-2\/","og_site_name":"Gourmet d&#039;Asie","article_modified_time":"2022-02-25T09:12:27+00:00","twitter_card":"summary_large_image","twitter_misc":{"Dur\u00e9e de lecture estim\u00e9e":"8 minutes"},"schema":{"@context":"https:\/\/schema.org","@graph":[{"@type":"WebPage","@id":"https:\/\/gourmet-asie-saintes.fr\/index.php\/politique-de-confidentialite-2\/","url":"https:\/\/gourmet-asie-saintes.fr\/index.php\/politique-de-confidentialite-2\/","name":"Politique de confidentialit\u00e9 - Gourmet d&#039;Asie","isPartOf":{"@id":"https:\/\/gourmet-asie-saintes.fr\/#website"},"datePublished":"2022-02-25T09:12:26+00:00","dateModified":"2022-02-25T09:12:27+00:00","breadcrumb":{"@id":"https:\/\/gourmet-asie-saintes.fr\/index.php\/politique-de-confidentialite-2\/#breadcrumb"},"inLanguage":"fr-FR","potentialAction":[{"@type":"ReadAction","target":["https:\/\/gourmet-asie-saintes.fr\/index.php\/politique-de-confidentialite-2\/"]}]},{"@type":"BreadcrumbList","@id":"https:\/\/gourmet-asie-saintes.fr\/index.php\/politique-de-confidentialite-2\/#breadcrumb","itemListElement":[{"@type":"ListItem","position":1,"name":"Accueil","item":"https:\/\/gourmet-asie-saintes.fr\/"},{"@type":"ListItem","position":2,"name":"Politique de confidentialit\u00e9"}]},{"@type":"WebSite","@id":"https:\/\/gourmet-asie-saintes.fr\/#website","url":"https:\/\/gourmet-asie-saintes.fr\/","name":"Gourmet d&#039;Asie","description":"Restaurant Asiatique Saintes","publisher":{"@id":"https:\/\/gourmet-asie-saintes.fr\/#organization"},"potentialAction":[{"@type":"SearchAction","target":{"@type":"EntryPoint","urlTemplate":"https:\/\/gourmet-asie-saintes.fr\/?s={search_term_string}"},"query-input":{"@type":"PropertyValueSpecification","valueRequired":true,"valueName":"search_term_string"}}],"inLanguage":"fr-FR"},{"@type":"Organization","@id":"https:\/\/gourmet-asie-saintes.fr\/#organization","name":"Gourmet d&#039;Asie","url":"https:\/\/gourmet-asie-saintes.fr\/","logo":{"@type":"ImageObject","inLanguage":"fr-FR","@id":"https:\/\/gourmet-asie-saintes.fr\/#\/schema\/logo\/image\/","url":"https:\/\/gourmet-asie-saintes.fr\/wp-content\/uploads\/2022\/01\/cropped-494d6f6b379d.png","contentUrl":"https:\/\/gourmet-asie-saintes.fr\/wp-content\/uploads\/2022\/01\/cropped-494d6f6b379d.png","width":1200,"height":247,"caption":"Gourmet d&#039;Asie"},"image":{"@id":"https:\/\/gourmet-asie-saintes.fr\/#\/schema\/logo\/image\/"}}]}},"jetpack_sharing_enabled":true,"_links":{"self":[{"href":"https:\/\/gourmet-asie-saintes.fr\/index.php\/wp-json\/wp\/v2\/pages\/1602","targetHints":{"allow":["GET"]}}],"collection":[{"href":"https:\/\/gourmet-asie-saintes.fr\/index.php\/wp-json\/wp\/v2\/pages"}],"about":[{"href":"https:\/\/gourmet-asie-saintes.fr\/index.php\/wp-json\/wp\/v2\/types\/page"}],"author":[{"embeddable":true,"href":"https:\/\/gourmet-asie-saintes.fr\/index.php\/wp-json\/wp\/v2\/users\/1"}],"replies":[{"embeddable":true,"href":"https:\/\/gourmet-asie-saintes.fr\/index.php\/wp-json\/wp\/v2\/comments?post=1602"}],"version-history":[{"count":1,"href":"https:\/\/gourmet-asie-saintes.fr\/index.php\/wp-json\/wp\/v2\/pages\/1602\/revisions"}],"predecessor-version":[{"id":1603,"href":"https:\/\/gourmet-asie-saintes.fr\/index.php\/wp-json\/wp\/v2\/pages\/1602\/revisions\/1603"}],"wp:attachment":[{"href":"https:\/\/gourmet-asie-saintes.fr\/index.php\/wp-json\/wp\/v2\/media?parent=1602"}],"curies":[{"name":"wp","href":"https:\/\/api.w.org\/{rel}","templated":true}]}}